 prime factors of f.
5, 47
Let i = 2355 + -4044. Let s = 2964 + i. List the prime factors of s.
3, 5, 17
Suppose l = -2*l + 5*t + 154, -2*l = 5*t - 136. Let m = 61 - l. Suppose 2*a - m*b - 302 = 0, -4*b = 5*a - a - 624. List the prime factors of a.
2, 7, 11
Suppose 3*j - 3*v - 24990 = 0, 10*j + 5*v - 8330 = 9*j. List the prime factors of j.
2, 5, 7, 17
Let t = -7303 + 22120. What are the prime factors of t?
3, 11, 449
Let w(o) = 17*o**3 - 3*o**2 - 5*o + 14. Let y be w(3). Suppose 193 + y = 4*b. List the prime factors of b.
2, 3, 13
Let j(m) = -2190*m - 12. Let c be j(-1). Suppose 79*w + c = 88*w. What are the prime factors of w?
2, 11
Let h(z) = -3*z + 20. Let v be (2/(-5) - 0)/((-3)/45). Let g be h(v). Suppose 370 = 5*u + 9*b - 4*b, u - g*b - 74 = 0. What are the prime factors of u?
2, 37
Suppose 37*s - 468 = 31*s. Let x = 104 - s. What are the prime factors of x?
2, 13
Let m = 433 + -443. What are the prime factors of ((-156)/m)/((-358)/180 + 2)?
2, 3, 13
Let b(p) = -6*p - 7. Let i be b(-7). List the prime factors of 5/i + (-7164)/(-28).
2
Let n(a) = 2828*a - 945. List the prime factors of n(4).
7, 1481
Let b be 1473/(-9) - (-2)/(-6). Let w = b - -977. What are the prime factors of w?
3, 271
Suppose -18*a = -28072 - 84752. List the prime factors of a.
2, 1567
Let i(p) be the third derivative of -p**6/120 - p**5/15 + 5*p**4/12 - 35*p**3/6 + 22*p**2 - 1. List the prime factors of i(-11).
2, 3, 13
Let g(t) = t**2 + 11*t + 21. Let o be g(-9). Let r(y) = 86*y - 4. Let v be r(o). Suppose -2*h + 362 = -v. What are the prime factors of h?
2, 7, 11
Let z(l) = 65*l**2 + 15*l + 77. What are the prime factors of z(17)?
7, 2731
Let r(x) = 2*x**2 + 5. Let a be r(0). Suppose 8 = -4*d, -a*d - 70 = -3*p + 318. Suppose 3*i - 372 = -3*o - p, 3*o = i - 94. What are the prime factors of i?
5, 17
Suppose 198 = -4*d + 3198. Suppose -d = 5*k - 10*k. Suppose -h + 42 = -2*v, -2*v - k = -5*h + h. List the prime factors of h.
2, 3
Suppose -z + 4 = 2*b - 5*z, -z = -b + 1. Suppose 8*g - g - 2898 = b. Suppose -2*l = -0*l - g. What are the prime factors of l?
3, 23
Suppose 5*f + 8 = 2*d + 29, 3*d + 4 = 2*f. Suppose 0 = -f*c + 1076 + 89. List the prime factors of c.
233
Let i be 268/(-2)*(-3 - -2). Let d = i + 205. List the prime factors of d.
3, 113
Suppose -5*v + 4*m - 43 = 3*m, 2*v - 2*m + 22 = 0. Let k be v/10*-5 + 0. Suppose t + 51 = k*t. What are the prime factors of t?
17
Let t(g) = g + 25. Let n be t(-22). Suppose 2*b = 5*j + 15, -3*j + n*b = -0*b + 9. Let a = 136 + j. What are the prime factors of a?
7, 19
Let d = -1998 + 4875. What are the prime factors of d?
3, 7, 137
Suppose 5*m - 151 = -4*c, 58 + 64 = 3*c - 5*m. Let g = c + -39. Suppose 5*a + 5*j - 34 = 3*a, g = -4*a - 5*j + 88. What are the prime factors of a?
3
Let s(l) = l**2 + 2*l + 1. Let o be s(-1). Suppose -3*r + 4 + 23 = o. Suppose 0*n + 3 = n - 5*x, n - 3*x = r. List the prime factors of n.
2, 3
Let q(i) = 20*i**2 - 2*i - 3. Let r be q(-2). Let c be (-3597)/(-27) - 18/r. Let o = 319 - c. List the prime factors of o.
2, 3, 31
Suppose 47179 = 20*a - 88321. What are the prime factors of a?
5, 271
Suppose 3*d = -5*v - 20, 12 = -v + 5*d - 20. Let z = v - -12. Let b(r) = 23*r + 6. List the prime factors of b(z).
11
Let n = 1474 + 120. What are the prime factors of n?
2, 797
Suppose -2*s + 13 = 3*x, -2*s + 2*x = -4 + 6. Suppose -14*m = -13*m - s. Suppose -328 = -m*b - 90. List the prime factors of b.
7, 17
Let g be 900/14 - 12/42. Let s = 68 - g. Suppose 3*x + 341 = 2*b, -s*x + 71 = b - 105. List the prime factors of b.
2, 43
Let o be -2 - -6 - (-308)/7. Suppose n = -11*n + o. Suppose -2*s - 4*x = -34, x + n = -x. List the prime factors of s.
3, 7
Suppose -31 = 5*x + 4*p, 0 = -26*x + 24*x - 5*p - 26. What are the prime factors of -1*(-3 - (2 - x - -243))?
251
Suppose 0 = x - 9, 14*d - 3*x = 11*d + 38088. What are the prime factors of d?
3, 5, 7, 11
Suppose 2*y - 438 = 354. Suppose -5*o = -5 - 15. Suppose -d = -5*g - 102, -o*g - y = -3*d - 35. What are the prime factors of d?
127
Let n be 1/(0 - ((-95)/(-50) - 2)). List the prime factors of 14195/(-34)*(-12)/n - -1.
2, 251
Let v(q) = 433*q + 90. List the prime factors of v(2).
2, 239
Let j(u) = u**3 - 2*u**2 + 2*u - 1. Let n be j(2). Suppose 5*r = -n*c + 145, -4*r - 135 = -3*c - 7*r. What are the prime factors of c?
2, 5
Let z(d) = 263*d - 779. List the prime factors of z(6).
17, 47
Suppose -5*j + 1710 - 15 = -2*a, a - 1006 = -3*j. Let l = -220 + j. Suppose -4*d + 4*w = -236, 0*w - l = -2*d + w. List the prime factors of d.
2, 29
List the prime factors of 109482/15 + (-266)/95.
2, 3, 19
Let n = -7329 + 92250. List the prime factors of n.
3, 28307
Let v(l) be the third derivative of 13*l**4/24 - 2*l**3/3 + l**2. Suppose -13*i + 76 - 11 = 0. List the prime factors of v(i).
61
Let g = -1190 - -729. Let p = 1743 + g. What are the prime factors of p?
2, 641
Suppose -37*d + 1245996 - 987543 = -2048460. List the prime factors of d.
3, 7, 2969
Suppose 187*l + 28325 = 5*g + 182*l, 0 = -2*g - 2*l + 11346. List the prime factors of g.
5669
Suppose 3*i = 956 + 166. Let q = 257 + i. Let n = q + -404. What are the prime factors of n?
227
Suppose -4*u + 11 = 3. Suppose -p = 5*g - 9, 5*p + u*g + 60 = -2*g. What are the prime factors of 19/(44/p + 3)?
2, 19
Let o(s) = 39*s + 15109. Let k be o(0). Suppose -10*d = -k + 549. List the prime factors of d.
2, 7, 13
Let z(a) = 2*a**3 - 4*a**2 - 20*a + 30. List the prime factors of z(12).
2, 3, 5, 89
Let r = 326 - 322. Suppose r*q - 378 = 878. What are the prime factors of q?
2, 157
Let s(a) = a**2 + 7*a - 13. Let c be s(-7). List the prime factors of 1*107 + c/((-39)/6).
109
Let a = -572 + 572. Suppose -4*r - 4*z + 2000 = a, -44*z + 45*z + 498 = r. List the prime factors of r.
499
Suppose 3*h + 7048 = 5*o, 73 = -9*h + 109. List the prime factors of o.
2, 353
Let k = -153 + 150. Let y(x) = -22*x + 9. Let r be y(k). Let i = r - -11. List the prime factors of i.
2, 43
Let q be 28067/5 - (-4)/(-10). Suppose 32*j = 1459 + q. List the prime factors of j.
13, 17
Let o = 24 - -37. Let t = o - 56. Suppose 0 = -t*b - 3*b + 32. What are the prime factors of b?
2
Let z = -28853 - -51077. List the prime factors of z.
2, 3, 463
Let w(u) = u**3 + 23*u**2 - 140*u - 38. Let v be w(-26). Suppose -3*p + g = -946, g = 6*p - 11*p + v. List the prime factors of p.
3, 5, 7
Suppose -x - 5*m = -4438, -2*x - x + m = -13314. What are the prime factors of x?
2, 7, 317
List the prime factors of 52/(-182) - (5 + -7 - (-245681)/(-7)).
35099
Let t(x) = 480*x + 111. Let n(h) = -48*h - 11. Let m(b) = -21*n(b) - 2*t(b). Let i(g) = -g - 1. Let u(s) = 3*i(s) + m(s). List the prime factors of u(2).
2, 3
Let c be (46/(-1))/(20/(-800)) + 5. Let j = c + -545. What are the prime factors of j?
2, 5, 13
Suppose -5*y + 419 = 3*p, -4*p - 4*y + 458 = -106. Let m = -1425 + 1468. Suppose 0 = 3*g - 2*t - p, -g + 3*t = -0*g - m. List the prime factors of g.
7
Suppose -331641 = -60*x - 132741. What are the prime factors of x?
3, 5, 13, 17
Let u = -122704 - -177537. What are the prime factors of u?
54833
Suppose 4*p - 4*s = 6*p - 90800, -2*p + 3*s + 90828 = 0. What are the prime factors of p?
2, 3, 11, 43
Suppose 15*q - 11*q - 9900 = 0. List the prime factors of (2/6)/(11/q).
3, 5
Let b(a) = 97*a - 1084. Let l(t) = 146*t - 1626. Let m(g) = 7*b(g) - 5*l(g). What are the prime factors of m(0)?
2, 271
Let j = 70871 + -26626. What are the prime factors of j?
5, 8849
Let l be 5 - (-139 - 6)/(-5). What are the prime factors of (12 - -5)/((-6)/l)?
2, 17
Suppose 5*z - 3*s = 92, -2*z + 41 = -2*s + 5*s. Let q(i) = i**3 + 10 - 13*i**2 - 5 + z + 7*i - 3. List the prime factors of q(13).
2, 7
Let y(h) be the first derivative of h**3/3 - 13*h + 11. Let t be y(4). Suppose -t*s = 0, 5*u + 2*s + s = 335. What are the prime factors of u?
67
Let m(b) = -1008*b**3 - 50*b**2 - 163*b - 32. List the prime factors of m(-3).
7, 3889
List the prime factors of (-4)/(-30) + (-3 - (-10738781)/(-1020)*-4).
2, 5, 4211
Let c(y) = 97*y**2 - 93*y + 165. What are the prime factors of c(17)?
43, 619
Suppose 2*u = -3*p - 32, -2*p = -u + 4*u + 43. Let q(i) be the first derivative of i**2/2 + 56*i - 3. List the prime factors of q(u).
43
Let m(t) = -t**3 + 5*t**2 - 4*t. Let c be m(3). Let x(p) be the first derivative of